3*c + 163 + q = 0. Calculate the highest common factor of 25 and c.
25
Let q be 8/((-10)/48*26/(-65)). Calculate the highest common factor of q and 12.
12
Let z be (-2)/5 + 324/10. Let b(t) = -t**3 + 8*t**2 - t + 16. Suppose 14*u = 3*u + 88. Let m be b(u). Calculate the highest common divisor of m and z.
8
Let s = -16 + 10. Let h be (8/s)/((-2)/138). Let u = -65 + h. What is the greatest common divisor of u and 18?
9
Let g be 22 + 7/(-4 + 3). Let t be -44*(11/(-4) + -1). What is the greatest common factor of g and t?
15
Suppose -3*y + 152 = i, -4*i + i - 272 = -5*y. Let r = -30 + y. What is the greatest common factor of 2 and r?
2
Suppose 4*q - 308 = -2*h - q, -5*h + 704 = -4*q. What is the greatest common factor of 96 and h?
48
Suppose -9*z - 57 = -6*z. Let y = z + 21. Let s be ((-12)/28)/(y/(-14)). What is the highest common divisor of 3 and s?
3
Let j be (-1)/(76/20 + -4). Let x = -4 - -1. Let z be (2 - -1) + (-21)/x. Calculate the greatest common factor of j and z.
5
Let g(p) = -49*p + 1 + 1 + 67*p. Let y be g(-4). Let i = -34 - y. Calculate the highest common factor of 9 and i.
9
Let x be (9 - 4)/(3/15). Calculate the greatest common divisor of 25 and x.
25
Suppose -5*m - 2*q = -19, -m + 2*q - 5 = -2*q. Calculate the highest common factor of 54 and m.
3
Suppose 6*z = 3*z + 81. Let y be z/1 + -2 + 3. What is the greatest common divisor of y and 14?
14
Suppose -54*k = -68*k + 7056. What is the greatest common factor of 180 and k?
36
Let f = 624 - 619. What is the greatest common divisor of 505 and f?
5
Let i = 18 - 18. Suppose 4*m + 3*x = 120, i = -5*m - 3*x + 7*x + 119. Calculate the greatest common factor of m and 9.
9
Let d be (126/10)/((-15)/(-50)). Suppose -5*o + d = -2*o. What is the greatest common factor of 112 and o?
14
Suppose -252 = -6*d + 228. Suppose 3*s = 8*s + 4*k - 80, 0 = 2*s - 5*k - 65. What is the greatest common divisor of s and d?
20
Let m be (270/75)/((-3)/(-10)). Calculate the greatest common divisor of m and 84.
12
Let a = 185 + 67. Let j be ((-9)/27)/((-217)/108 - -2). What is the highest common divisor of j and a?
36
Let s be (-54)/(-21) - (-28)/(-49). Suppose 5*f = x + 6, 4*x = 5*f + s*x - 7. What is the highest common divisor of f and 7?
1
Let c = -300 + 424. What is the greatest common factor of c and 4?
4
Let l(f) = -2*f**3 + 3*f**2 - 1. Let h = 11 - 13. Let n be l(h). Suppose 3*w = 99 - n. Calculate the highest common divisor of w and 3.
3
Suppose -u + 32 = -0*u. What is the greatest common factor of u and 2?
2
Suppose -5*x + b = -100, -2*x - 4*b + 40 = b. Let g = 62 + -60. Let u be 8/(1*g/x). Calculate the greatest common divisor of 20 and u.
20
Suppose 38*w - 162 - 142 = 0. What is the greatest common divisor of 38 and w?
2
Let z(v) = v**2 + 5*v - 10. Let h be z(-7). Let p be 2 + (-31 + h)*1. Let i = p + 43. What is the greatest common divisor of 72 and i?
18
Let q = -81 - -93. Let y(t) = 41*t - 1. Let j be y(-3). Let k = j - -232. Calculate the highest common factor of k and q.
12
Let l(o) be the third derivative of 7*o**5/60 + 5*o**4/12 + o**3/6 - 15*o**2. Let g be l(-5). What is the highest common factor of g and 14?
14
Let m = -19 + 16. Let j be 3*m/9*2*-3. Calculate the highest common factor of 3 and j.
3
Let n(w) = -w**3 + 20*w**2 + 45*w - 31. Let y be n(22). Let l be 11 + 2/(-3) + (-15)/y. What is the greatest common factor of l and 60?
12
Suppose 0 = -2*n + z + 37, -z + 20 - 3 = n. Suppose 702*g - 108 = 700*g. Calculate the highest common divisor of n and g.
18
Let p = -253 - -279. Let g = -247 - -351. Calculate the greatest common divisor of g and p.
26
Suppose 1892 - 8067 = -19*r. Calculate the highest common divisor of r and 65.
65
Let b(h) = 3*h**2 + 74*h + 27. Let m be b(-25). What is the highest common divisor of m and 260?
52
Let u(x) = -2*x**3 - 7*x**2 - 2*x. Let a be u(-3). Let f be (10 + -11)/((a/(-17))/(-3)). What is the greatest common factor of 17 and f?
17
Let m be (53/(-2) + 4)*(-36)/10. Suppose -17 = -q + 3*r - 2*r, -3*r = 3*q - m. Calculate the greatest common divisor of q and 22.
22
Suppose -5*i + 2*k = -983 - 8307, 5*i + 5*k - 9255 = 0. What is the highest common factor of 29 and i?
29
Let q(t) = -t**3 + t**2 + 6*t + 4. Let c be q(-2). What is the greatest common divisor of c and 22?
2
Suppose -3*r + 141 = 5*m, 2*r - 4 = -0. Calculate the greatest common divisor of 432 and m.
27
Suppose -4*b + 16 - 2 = -3*l, l + 3*b = 17. Let k be l/(-4) + 343/2. Let t be 8 + -4 - 15*-1. Calculate the greatest common divisor of t and k.
19
Suppose -4*z = -0 + 8, -5*z = 2*p - 28. Calculate the highest common factor of p and 513.
19
Suppose -9*k = -198 - 846. Calculate the greatest common divisor of 4 and k.
4
Suppose 3*k - 21 - 12 = 3*b, -3*k - 2 = 4*b. Let t be (-16)/6*(-45)/k. Let j = -2164 - -2214. Calculate the greatest common divisor of t and j.
10
Suppose -p - 177 + 405 = 0. Calculate the greatest common divisor of p and 42.
6
Let z be (3 - 1) + (-12)/(-36)*312. What is the greatest common divisor of z and 2014?
106
Let d be 66/(-5)*10/(-3). Let r be ((-608)/44)/(-4) - 30/(-55). What is the greatest common divisor of r and d?
4
Let x(w) = 5*w**2 + 8*w + 9. Let v be x(-7). What is the highest common factor of v and 132?
66
Suppose -56*m = -10*m - 552. Calculate the highest common factor of m and 100.
4
Let s(n) = -n**2 - 2*n + 16. Let g be s(-4). Let k = g + 25. Calculate the highest common divisor of 363 and k.
33
Suppose -63 = -47*q + 48*q. Let j be (-1 + q)/((-1)/3). Suppose 0*f + 4*f = j. Calculate the highest common factor of 6 and f.
6
Let i = -20 + 34. Let p be (-1)/(12/92) - 1/3. Let m be (-2)/p*-2 + 5/2. Calculate the greatest common factor of i and m.
2
Let c(v) = v**2 + 3*v - 3. Let u be c(-5). Suppose 5*i = u*i - 18. Let z be 12/54 + 34/i. What is the highest common divisor of z and 20?
4
Suppose -4*j + 118 = -3*x, 0 = 3*j + 2*j + 3*x - 161. Let u = j - 24. Calculate the highest common factor of 35 and u.
7
Suppose -16*k + 15*k = 0. Suppose k = -j - 3*j + 36. Suppose 4*f - 72 = 3*f + 3*a, -f + 66 = -a. What is the highest common divisor of f and j?
9
Let t(h) = 42*h**3 + h**2 + h - 1. Let o be t(1). Let b = 67 - o. Let v = b + 0. Calculate the highest common factor of v and 12.
12
Let b = 5 + -5. Suppose 3*j + 2*z = -b*z + 2, -4*j = -3*z - 14. Suppose -3*y = j*y - 200. What is the greatest common factor of 20 and y?
20
Let y(l) = -l**2 + 7*l + 5. Let t be y(7). Let k(u) = 2*u - 7. Let q be k(t). Let c be (-2)/1 + (20 - q). Calculate the highest common divisor of c and 90.
15
Suppose 84 = j + r, 0 = -4*r + 2*r. Let h = 88 - j. What is the highest common divisor of h and 20?
4
Suppose 5*d = 2*t - 22 - 13, -d = 5. Suppose -t*q + 28 = 2*v - 12, q = -4*v + 80. What is the highest common divisor of 8 and v?
4
Suppose -697 = 11*w - 2182. Let h = -34 - -49. Calculate the greatest common divisor of w and h.
15
Let u be (-6 + (5 - -5))/((-8)/(-18)). What is the greatest common divisor of 117 and u?
9
Suppose 0*v - 2*v = 194. Let s = v + 185. Let c(r) = r - 4. Let k be c(15). What is the greatest common factor of k and s?
11
Let x be 73 + 9/((-45)/(-25)). Calculate the greatest common factor of 104 and x.
26
Suppose 4*t + 12 = 0, -2*o + 5*o + 2*t = 45. What is the highest common divisor of 153 and o?
17
Let x = 29 + -40. Let w = -9 - x. Let q be 2*(1 - (-31)/w). Calculate the highest common divisor of q and 22.
11
Suppose 9*k = k + 720. Let v(y) = y**3 - 8*y**2 + 8*y + 2. Let h = 5 + 2. Let d be v(h). Calculate the greatest common factor of d and k.
9
Let g(z) = z**2 + 21*z + 35. Let s be g(16). What is the highest common divisor of s and 57?
57
Suppose 21*h - 9684 = 4302. Calculate the highest common divisor of 54 and h.
18
Suppose -3*c + 2*c - 5*q + 97 = 0, -4*c = q - 293. What is the greatest common factor of c and 45?
9
Let p(b) = 15*b. Let n be p(9). Let k be (-515)/(-19) + (-8)/76. Calculate the greatest common divisor of k and n.
27
Let v be (-4)/(3*(-2)/57). What is the highest common divisor of 342 and v?
38
Let q be 0 + (-3*2)/(-1). Suppose q*m - 256 = 80. What is the highest common divisor of m and 7?
7
Suppose -26*w = -12*w - 42. What is the greatest common divisor of w and 93?
3
Let j(i) = -i**2 + 15*i - 36. Let w be j(12). Let n(m) = m + 10. Let u be n(w). Calculate the high